derivative of 7*q**2 - 58*q + 23. What is the hundreds digit of z(20)?
2
Let w(a) = -6*a**2 + 3*a - 178. Let g be w(12). Let k = g + 1446. What is the units digit of k?
0
Let z = -32 - -37. Suppose -5*u + 50 = z*j, 5*u = j - 12 - 4. Suppose -76 = 10*t - j*t. What is the tens digit of t?
7
What is the hundreds digit of (-1 + -392)/(891/(-198))*1506/4?
8
Let f(z) be the third derivative of 11*z**5/60 + z**4 + 28*z**3/3 + 69*z**2. What is the hundreds digit of f(-9)?
7
Suppose -5*t - 9 = -z, 0*z + 6 = 2*z + 2*t. Suppose 5*g - 7912 = z*y, -2*y - 1 + 5 = 0. What is the thousands digit of g?
1
Let v(i) = 12*i - 41. Let b be v(4). What is the tens digit of 4/b - ((-3663)/21 + 5)?
7
Suppose 0 = 12*r - 8*r - 32. Suppose -3*q + 14 - r = 0. Suppose -4*a + 4 + 4 = 0, q*w - 3*a = 52. What is the tens digit of w?
2
Let a = 267 - 259. Suppose 4*n - 1764 = -3*d, -a*d + 11*d - 1764 = 3*n. What is the hundreds digit of d?
5
Suppose -129*c = -430*c + 5256363. What is the ten thousands digit of c?
1
Suppose -7*r = -2*z - 2*r + 24, -4*r - 22 = -3*z. Let x(p) = -55*p**2 - z + 10*p + 16 - p**3 + 46*p**2 - 4*p. What is the units digit of x(-10)?
4
Let k = 14652 - 1018. What is the tens digit of k?
3
Let m(a) = 1344*a**2 + 1084*a + 7532. What is the thousands digit of m(-7)?
5
Let u be (14/4)/(2/(-4)). Let f = 147 + -32. Let s = f + u. What is the units digit of s?
8
Suppose 4*y - 6*y = z + 998, -5*y - 3*z = 2497. Let i = 1123 + y. What is the hundreds digit of i?
6
Let g = 183 + -393. Let p be (g/4)/((-4)/8). Suppose k - p = -l, -3*k + 2*l - 94 = -414. What is the units digit of k?
6
Let o be (-25)/20*-4*1. Suppose 62 = -o*w + 297. Let c = 102 - w. What is the tens digit of c?
5
Suppose -1422981 - 242701 = -43*j - 133893. What is the ten thousands digit of j?
3
Suppose -6 = -2*y + 4*c - 2*c, 3*y = -2*c - 6. Suppose -a = 2*a - 3*f, a + 5*f - 18 = y. Suppose a*g = 58 + 512. What is the tens digit of g?
9
Suppose -1704 = 2*i + 2*x + 610, -3*i + 5*x = 3463. Let n = i + 1653. What is the hundreds digit of n?
4
Let d(c) = 3198*c - 7. Let p be d(-1). What is the tens digit of 4/(-6) - (-4 - p/(-15))?
1
Suppose 0 = -2*r - 3*h + 9648, r - 5*h - 2880 - 1970 = 0. What is the thousands digit of r?
4
Suppose 4*n = 5257 + 395. What is the units digit of n?
3
Suppose -3*a = 2*a + 3*f - 12, -4*f - 4 = 0. Suppose -3*x - 4*t = -446, 2*t = -a*t + 25. What is the hundreds digit of x?
1
Suppose -24 = -s + 4*r, r + 3*r = 2*s - 28. Suppose -5*h + s*u + 6352 = -247, -u = -4. What is the hundreds digit of h?
3
What is the tens digit of 2/4*14/28*11548?
8
Let w(h) be the third derivative of h**6/60 + 2*h**5/15 - h**4/4 + 7*h**3/3 + 8*h**2 - 7*h. What is the tens digit of w(7)?
5
Suppose 5*a + 2*s = 37604, -5*a - 3*s + 6936 + 30665 = 0. What is the hundreds digit of a?
5
What is the ten thousands digit of (-6)/(-8) - (18 + 630965/(-20))?
3
Let x(g) = 23*g**2 + 6*g + 9. Let n be x(-2). Suppose 2*s - 135 - n = 0. Let v = 189 - s. What is the units digit of v?
7
Let t be 3/3*(0 + 2). Suppose 6*s - t*s - 800 = 0. Suppose 41 - s = -3*k. What is the units digit of k?
3
Let u be (2062/(-1))/(42/(-63)). Suppose 3*z + 4*d + 322 - u = 0, -z = 5*d - 942. What is the hundreds digit of z?
9
Let m(n) be the first derivative of -n**4/4 - n**3/3 - 7*n**2/2 - 5*n + 16. Let f(r) = r**2 - 6*r - 4. Let h be f(6). What is the tens digit of m(h)?
7
Suppose -14*j - 10*j = 168. What is the units digit of (j + 0 + -200)*(-2)/6?
9
Let s = 1177 + -490. What is the units digit of (1/(-1))/((3 + -6)/s)?
9
Let y(x) be the third derivative of 73*x**4/12 - 22*x**2. Let o be y(6). Suppose 9*g = o - 147. What is the tens digit of g?
8
Let w(l) = -90*l + 2278. What is the tens digit of w(-22)?
5
Suppose 60 = -6*j + 78. Suppose z - j*v + 13 = 0, -3*z = v + 15 + 4. Let x(k) = k**2 - 13*k - 22. What is the hundreds digit of x(z)?
1
Let h be (0 - -3)/(2/596). Let k = h + -537. What is the tens digit of k?
5
Suppose -4216 = -2*s - 309*w + 305*w, s - 2102 = -4*w. What is the units digit of s?
4
Let p(y) = 2 - 215*y + 80*y + 2 + 11. What is the tens digit of p(-4)?
5
Let q(h) = -h**2 - 14*h + 18. Let d be q(-15). Suppose t + 5*w + 175 = -0*t, 0 = 5*t - d*w + 987. Let j = t + 319. What is the units digit of j?
4
Let s(q) be the first derivative of -q**4/4 - 2*q**3 + 3*q**2/2 - 7*q - 20. Let b be s(-6). Let z = 44 + b. What is the units digit of z?
9
Suppose -a + 12 = -0*a. Suppose 0 = 3*g + a, g = -3*x + 308 - 69. Let v = -15 + x. What is the tens digit of v?
6
Suppose 294*o = 299*o - 20. Suppose o*v - 370 - 3282 = 0. What is the hundreds digit of v?
9
Suppose -33 = -2*c - 3*t, 23 = 3*c + 2*t - 19. Suppose -5*f + c = f. Suppose -p + 20 = 4*p, 0 = -f*m - 3*p + 204. What is the tens digit of m?
9
Suppose 0*r - 3*z + 1409 = 4*r, 3*r = -3*z + 1053. Let s = 7917 + -7914. Suppose -4*q + r = 4*w, 0 = 5*w - w - s*q - 335. What is the tens digit of w?
8
Suppose -3*o - 3*k + 33231 = -22464, 0 = 3*k - 15. What is the ten thousands digit of o?
1
Suppose -14 = -k - 13, -g + 3*k + 906 = 0. Suppose 4*h - g = 91. What is the hundreds digit of h?
2
Let r = -10657 - -15060. Suppose 7*k + r = 13678. What is the units digit of k?
5
Let o be (-39)/(-12) + 2/(-8). Let q(m) = -5*m - 25. Let t be q(-6). Suppose 0 = -o*h, 2*h = -t*g - 85 + 235. What is the tens digit of g?
3
Let g be 29860/(-35) + 5 - 2/(-14). Let q = -476 - g. What is the tens digit of q?
7
Let c = 12597 + -7178. What is the thousands digit of c?
5
Let u = -7 - -5. Let m(h) = h**3 + 16*h**2 - 21*h - 26. Let s(r) = 3*r**3 + 33*r**2 - 42*r - 52. Let p(t) = u*s(t) + 5*m(t). What is the units digit of p(12)?
0
Let x(d) = d**2 - 12*d - 33. Let w be x(14). Let a = -1 - w. Suppose -5*b = -2*t + 50, t - 13 = -a*b + 38. What is the tens digit of t?
3
Suppose 17*q - 22*q + 45 = 0. Suppose q*b = 3*b + 204. Suppose 368 = 6*t - b. What is the tens digit of t?
6
Let m be 13*13/1352 + 206/16. Let t(c) = c**3 - 3*c**2 - 40*c + 8. What is the units digit of t(m)?
8
Suppose 0 = -3*c + 2*z + 12246, -20394 = 56*c - 61*c - 2*z. What is the units digit of c?
0
Suppose 0 = 3*k - 5*z, 17*k - 21*k + 3*z = 0. Suppose k = 16*b - 11*b - 5*f - 7275, -5*f = -4*b + 5818. What is the thousands digit of b?
1
Let c = 7232 - -2065. Suppose -2346 = 7*f - c. What is the hundreds digit of f?
9
Let b be (8/(-10))/((-5)/25). Suppose 5*n - 7 = -0*x + b*x, -2*x + 19 = 5*n. Suppose -279 = -x*w - w. What is the units digit of w?
3
Suppose 3*c - 17 = -5. Suppose -770 = 2*x - 7*x - c*h, -5*h = 3*x - 475. Let j = -89 + x. What is the units digit of j?
1
Suppose -2*o + 10167 = 5*y, o = 6*y - 11*y + 5096. Suppose 8*x = 535 - o. Let w = -366 - x. What is the tens digit of w?
0
Let a be ((-12)/9)/((-6)/2097*1). Let h = a - 249. What is the tens digit of h?
1
Suppose 0*u = 2*u - 96. Let y = -60 + u. What is the tens digit of (-2 - 416/y)/(2/6)?
9
Suppose 4*s = 2*r - r + 47040, 4*s + 2*r - 47040 = 0. What is the hundreds digit of (s/(-75))/((-1)/5)?
7
Let p = 86 + -82. Suppose 5*m - 624 = 4*j + 876, p*m - 3*j = 1199. What is the units digit of m?
6
Let b(h) = 1109*h**2 - 32*h + 39. What is the units digit of b(-4)?
1
Let v be 2422/5 + 3/(45/(-6)). Suppose -2*j + 2*g = -v, 4*j = -0*j + 2*g + 960. What is the tens digit of j?
3
Let d(c) = 17*c - 15. Let h be d(-9). What is the hundreds digit of ((-23)/(-3))/((-4)/h)?
3
Suppose 4*c + 4193 = w - 1106, -5*c - 21240 = -4*w. What is the hundreds digit of w?
3
Suppose -3*y + 4843 = -2*w - 166, 3*w + 3336 = 2*y. Let j = y + -577. What is the hundreds digit of j?
0
Let x = 128 - 115. Let r(d) = 19*d + 52. What is the units digit of r(x)?
9
Let t = 3778 - -13615. What is the hundreds digit of t?
3
Suppose 2*u = f - 106 - 2527, 2*f - 5268 = 5*u. Suppose 0 = 9*n - f - 3923. What is the hundreds digit of n?
7
Let t(k) = k**2 - 26*k - 34. Suppose -4*m - 43 + 155 = -4*q, -2*m + 51 = 3*q. Let g be t(m). What is the units digit of (1 - (-634)/4) + g/14?
9
Suppose -3*b = -5*m - 34, 2*m = 5*b - 8*b + 20. Let s(u) = -u**2 + 8*u + 9. Let i be s(b). What is the tens digit of 1196/10 - (-1 - i/(-15))?
2
What is the units digit of (18099/(-6))/(-6*(-19)/(-76))?
1
Let w(u) = 2251*u**2 + 3*u - 4. What is the tens digit of w(1)?
5
Let p(m) = 59*m**3 - 3*m**2 + 34*m + 47. What is the ten thousands digit of p(6)?
1
Let